6
b
What is -1 (base 8) in base 2?
-1
Convert 13 (base 7) to base 4.
22
Convert -442 (base 7) to base 8.
-342
Convert 1 (base 4) to base 14.
1
-d9 (base 14) to base 6
-515
What is -14 (base 16) in base 8?
-24
What is 33 (base 4) in base 11?
14
331 (base 6) to base 2
1111111
2 (base 5) to base 8
2
Convert -3 (base 11) to base 3.
-10
What is -4 (base 10) in base 14?
-4
Convert 2 (base 8) to base 4.
2
0 (base 14) to base 12
0
What is 4 (base 6) in base 5?
4
What is b6 (base 15) in base 3?
20100
What is 1 (base 2) in base 7?
1
What is -15 (base 15) in base 12?
-18
-333 (base 4) to base 13
-4b
What is 103 (base 10) in base 5?
403
10001 (base 2) to base 14
13
What is -206 (base 10) in base 3?
-21122
Convert 63 (base 8) to base 15.
36
-8 (base 9) to base 11
-8
Convert -18 (base 10) to base 4.
-102
What is 10101 (base 2) in base 9?
23
What is 535 (base 6) in base 9?
245
Convert -20 (base 12) to base 8.
-30
What is 16 (base 16) in base 2?
10110
-7 (base 14) to base 6
-11
Convert 2 (base 15) to base 16.
2
1145 (base 6) to base 16
119
What is 4 (base 13) in base 10?
4
59 (base 15) to base 6
220
Convert -127 (base 9) to base 2.
-1101010
-8 (base 16) to base 12
-8
Convert 4 (base 16) to base 9.
4
-5 (base 11) to base 2
-101
What is 33 (base 4) in base 3?
120
Convert -6 (base 12) to base 16.
-6
-11011001 (base 2) to base 6
-1001
Convert 2 (base 8) to base 7.
2
Convert -3 (base 8) to base 15.
-3
What is -233 (base 5) in base 14?
-4c
What is 0 (base 12) in base 16?
0
Convert -10100 (base 2) to base 6.
-32
-5e (base 16) to base 15
-64
What is 4 (base 16) in base 7?
4
Convert 11112 (base 3) to base 10.
122
What is 55 (base 7) in base 6?
104
What is -2 (base 13) in base 8?
-2
111 (base 5) to base 6
51
Convert 2b (base 12) to base 13.
29
-12 (base 3) to base 13
-5
-32 (base 13) to base 3
-1112
What is -86 (base 10) in base 16?
-56
-2222 (base 3) to base 10
-80
Convert -4 (base 14) to base 4.
-10
What is 30 (base 8) in base 12?
20
Convert -16 (base 10) to base 14.
-12
-32 (base 6) to base 2
-10100
Convert 22 (base 12) to base 13.
20
Convert -13 (base 4) to base 16.
-7
What is -3 (base 8) in base 10?
-3
What is -1100001 (base 2) in base 6?
-241
0 (base 3) to base 13
0
Convert 0 (base 4) to base 16.
0
7 (base 12) to base 8
7
Convert -3 (base 7) to base 15.
-3
1 (base 10) to base 4
1
Convert 0 (base 4) to base 7.
0
Convert 15 (base 16) to base 14.
17
Convert 4 (base 15) to base 14.
4
What is -212 (base 3) in base 11?
-21
What is 4 (base 10) in base 3?
11
-20 (base 10) to base 5
-40
-102 (base 4) to base 11
-17
What is 12 (base 11) in base 2?
1101
7 (base 13) to base 10
7
1 (base 7) to base 11
1
What is -10111101 (base 2) in base 5?
-1224
What is c (base 15) in base 8?
14
-1 (base 10) to base 5
-1
-210 (base 4) to base 12
-30
1 (base 7) to base 3
1
Convert 16 (base 14) to base 5.
40
Convert -12 (base 15) to base 11.
-16
21 (base 4) to base 7
12
11010 (base 2) to base 3
222
2 (base 10) to base 8
2
-ca (base 16) to base 13
-127
What is 2 (base 4) in base 11?
2
What is -2 (base 8) in base 16?
-2
Convert 11 (base 9) to base 8.
12
What is -1 (base 16) in base 10?
-1
What is 6 (base 10) in base 13?
6
Convert -21 (base 4) to base 15.
-9
Convert -8 (base 11) to base 9.
-8
aa (base 13) to base 12
b8
40 (base 10) to base 3
1111
Convert 5 (base 14) to base 4.
11
What is 68 (base 13) in base 5?
321
11 (base 10) to base 2
1011
Convert 2 (base 4) to base 11.
2
Convert 10111 (base 2) to base 3.
212
3 (base 14) to base 15
3
8 (base 16) to base 15
8
What is -1 (base 13) in base 8?
-1
What is 1 (base 11) in base 3?
1
What is -1 (base 5) in base 3?
-1
What is -11 (base 14) in base 11?
-14
Convert -86 (base 12) to base 8.
-146
-b (base 13) to base 15
-b
Convert -1 (base 9) to base 13.
-1
What is 13 (base 6) in base 14?
9
What is 1 (base 7) in base 10?
1
5 (base 16) to base 12
5
What is 220 (base 3) in base 15?
19
Convert cd (base 16) to base 15.
da
What is 10 (base 7) in base 6?
11
What is 6 (base 9) in base 7?
6
c (base 16) to base 10
12
What is 11 (base 3) in base 9?
4
What is 13 (base 16) in base 7?
25
Convert 5 (base 15) to base 2.
101
What is -1 (base 16) in base 5?
-1
Convert 4 (base 9) to base 4.
10
What is -110 (base 4) in base 14?
-16
Convert -11 (base 6) to base 13.
-7
Convert 2 (base 14) to base 9.
2
c (base 13) to base 6
20
What is -18 (base 10) in base 8?
-22
-3 (base 5) to base 14
-3
What is -13 (base 6) in base 3?
-100
-1 (base 12) to base 5
-1
What is 1000000 (base 2) in base 10?
64
Convert 2 (base 12) to base 2.
10
What is 122 (base 11) in base 12?
101
2 (base 16) to base 11
2
Convert 1 (base 6) to base 9.
1
Convert 2 (base 8) to base 5.
2
What is -202 (base 4) in base 13?
-28
-7e (base 16) to base 14
-90
3 (base 14) to base 12
3
8 (base 10) to base 3
22
Convert -1 (base 5) to base 7.
-1
-3 (base 8) to base 4
-3
What is -1 (base 10) in base 14?
-1
Convert 24 (base 10) to base 13.
1b
Convert 5 (base 12) to base 10.
5
What is 39 (base 16) in base 5?
212
What is 1b (base 16) in base 6?
43
What is 3 (base 8) in base 12?
3
What is 0 (base 8) in base 9?
0
Convert -5 (base 6) to base 11.
-5
Convert 10100 (base 2) to base 15.
15
Convert 1 (base 12) to base 11.
1
What is -205 (base 7) in base 4?
-1213
Convert -110001 (base 2) to base 15.
-34
What is 205 (base 6) in base 8?
115
Convert -35 (base 14) to base 13.
-38
Convert 10 (base 2) to base 12.
2
What is -20 (base 13) in base 6?
-42
-15 (base 7) to base 8
-14
-25 (base 11) to base 13
-21
-63 (base 14) to base 12
-73
Convert 19 (base 11) to base 7.
26
Convert -2 (base 16) to base 11.
-2
-128 (base 12) to base 13
-107
What is -32 (base 5) in base 15?
-12
What is -49 (base 10) in base 4?
-301
What is 1010 (base 3) in base 5?
110
What is -1 (base 15) in base 12?
-1
Convert 94 (base 11) to base 8.
147
What is 127 (base 10) in base 4?
1333
3 (base 10) to base 3
10
Convert -22 (base 3) to base 8.
-10
Convert -4 (base 12) to base 2.
-100
Convert 36 (base 11) to base 10.
39
Convert -c (base 15) to base 9.
-13
Convert -12 (base 4) to base 10.
-6
-148 (base 12) to base 13
-125
Convert 22 (base 9) to base 11.
19
Convert 123 (base 4) to base 11.
25
-4 (base 13) to base 3
-11
What is -5 (base 9) in base 6?
-5
What is -14 (base 5) in base 7?
-12
-b (base 16) to base 7
-14
Convert 1 (base 7) to base 8.
1
-43 (base 6) to base 2
-11011
c (base 14) to base 16
c
What is 20 (base 9) in base 14?
14
65 (base 9) to base 2
111011
What is 52 (base 10) in base 3?
1221
-232 (base 4) to base 10
-46
Convert 10101 (base 2) to base 7.
30
105 (base 6) to base 2
101001
49 (base 15) to base 2
1000101
Convert -2 (base 7) to base 5.
-2
Convert -5 (base 9) to base 14.
-5
-100 (base 4) to base 15
-11
43 (base 5) to base 14
19
Convert 21 (base 4) to base 8.
11
Convert -3b (base 12) to base 13.
-38
a (base 12) to base 9
11
Convert -14 (base 6) to base 11.
-a
Convert -221 (base 7) to base 15.
-78
What is -102 (base 11) in base 9?
-146
Convert -5 (base 15) to base 12.
-5
Convert 12 (base 14) to base 12.
14
What is -2 (base 3) in base 16?
-2
Convert -21 (base 5) to base 3.
-102
Convert -42 (base 15) to base 10.
-62
13 (base 4) to base 11
7
-122 (base 3) to base 7
-23
What is 1012 (base 5) in base 4?
2010
Convert -13 (base 4) to base 16.
-7
Convert 3 (base 11) to base 13.
3
Convert 4b (base 12) to base 14.
43
Convert -15 (base 6) to base 10.
-11
What is -9 (base 14) in base 15?
-9
22 (base 9) to base 10
20
Convert -11 (base 6) to base 11.
-7
10 (base 4) to base 13
4
26 (base 10) to base 9
28
1001 (base 3) to base 9
31
-79 (base 14) to base 8
-153
61 (base 10) to base 3
2021
What is -11 (base 2) in base 7?
-3
-82 (base 10) to base 8
-122
What is 221 (base 5) in base 2?
111101
What is 13 (base 4) in base 9?
7
Convert 0 (base 10) to base 14.
0
What is -82 (base 15) in base 14?
-8a
What is -5 (base 14) in base 16?
-5
Convert 21 (base 6) to base 15.
d
What is 5 (base 11) in base 10?
5
What is 9 (base 14) in base 8?
11
Convert 160 (base 8) to base 9.
134
What is -13 (base 6) in base 9?
-10
-6 (base 15) to base 2
-110
Convert 304 (base 7) to base 9.
177
What is -64 (base 13) in base 15?
-57
-1 (base 14) to base 2
-1
Convert -47 (base 8) to base 5.
-124
Convert -1403 (base 5) to base 15.
-103
Convert 72 (base 10) to base 2.
1001000
What is -13 (base 11) in base 10?
-14
Conver